 -3082. List the prime factors of l.
5, 1583
Let x(m) = 187*m - 33. Suppose -2*g - h = -4, -5*g = 3*h - 8*h - 10. What are the prime factors of x(g)?
11, 31
Suppose -k = 3 - 7. Suppose 0 = 4*o - 12, 2*o - 467 = -k*q - 3*o. Suppose -417 = -2*v + q. What are the prime factors of v?
5, 53
Let a(u) = u**3 - 7*u**2 - u + 8. Let w be a(7). Let h be 25/((-25)/(-5))*w. Suppose -3*j + c + 28 = 2*j, -h*j + 34 = -3*c. What are the prime factors of j?
5
Let n = 505 + 700. List the prime factors of n.
5, 241
Let h = -984 - -976. What are the prime factors of 4077*(h + (-225)/(-27))?
3, 151
Let j(y) = 243*y**3 - 9*y**2 + 27*y + 17. List the prime factors of j(4).
7, 317
Suppose -8 = -7*d + 9*d. Let c(l) = l**3 + 8*l**2 - 3*l - 10. Let v be c(d). Let p = v - 55. List the prime factors of p.
11
Suppose 15640 = 3*v + 1846. List the prime factors of v.
2, 11, 19
Let x(b) = -b**3 + 38*b**2 + 10*b - 12. What are the prime factors of x(30)?
2, 3, 13
Let m(x) = 2*x**3 + 31*x**2 + 72*x + 408. List the prime factors of m(27).
3, 11, 1949
Let i(r) = 49*r + 59. Let v(y) = -2*y + 76. Let s be v(31). What are the prime factors of i(s)?
5, 149
Let z(l) = -2048*l + 607. What are the prime factors of z(-4)?
3, 7, 419
Suppose 5 = -6*l - 13. Let h be (-1 + l)/(-2) - -7. Suppose 0 = h*g - 52 - 713. What are the prime factors of g?
5, 17
Let u(c) = -c**2 + 11*c - 12. Let t be u(10). Let x be (84/(-70))/(t/(-5)). What are the prime factors of ((-18)/7)/(x/224)?
2, 3
Suppose 2*s - 3*q = 74691, 5*s - 131*q - 186680 = -133*q. What are the prime factors of s?
2, 3, 7, 127
Let h = 3401 + -798. List the prime factors of h.
19, 137
Let i(r) = r**2 + 9*r. Let s be i(-5). Let d be 14/6 - 2 - s/(-60). Suppose -5*y = -2*q - 346, d*y = -4*y + q + 278. List the prime factors of y.
2, 5, 7
Let l be -4 - (-7)/((-63)/(-51))*-3. Let p(r) = r**2 + 13*r + 101. List the prime factors of p(l).
269
Let z(g) be the second derivative of 2*g**4/3 - 17*g**3/3 - 13*g**2/2 - 107*g + 2. List the prime factors of z(11).
7, 83
Let c(r) = 2*r**2 - 2*r. Let h be c(-1). Suppose -5 = l - 5*x, -h*l + x = 2*x - 1. Suppose l = -12*z + 11*z + 44. List the prime factors of z.
2, 11
Let s(w) = 2*w**2 + 17*w + 3. Suppose 20 = -10*m + 11*m. Suppose -2*l - m = 6. List the prime factors of s(l).
2, 3, 5
Let q = 706 - -6419. What are the prime factors of q?
3, 5, 19
Let i(w) be the third derivative of -w**6/120 + 19*w**5/60 + 13*w**4/12 - w**3/6 - w**2 - 7. List the prime factors of i(19).
17, 29
Let w = -7755 - -12994. List the prime factors of w.
13, 31
Let f be (-48)/20*1900/(-30). Let t = 234 - f. What are the prime factors of t?
2, 41
Let y(l) = -77*l**2 + 4*l + 4. Let i be y(2). What are the prime factors of i/(-2)*(-12)/(-8) + 1?
223
Suppose -119694 = -3*d + 3*t, -d + 39918 = 1460*t - 1465*t. List the prime factors of d.
7, 41, 139
Suppose -61*t + 56*t + 2*x + 81769 = 0, 5*t = 3*x + 81766. List the prime factors of t.
5, 3271
What are the prime factors of (262032/(-28))/(147/(-686))?
2, 53, 103
Let t(x) = -x**2 - 8*x + 3. Let q be t(-8). Suppose -u + 5*l + 1022 = q*l, 4 = -l. List the prime factors of u.
2, 3, 13
Suppose -9 = -p - 3. Let a = -1139 + 1992. Suppose -p*g + 311 = -a. What are the prime factors of g?
2, 97
Suppose -j - 3*d + 12446 = 0, 0 = -3*j + d + 27126 + 10142. List the prime factors of j.
5, 7, 71
Let k(j) = -17*j - 36. Let t be k(-3). What are the prime factors of ((-6)/t)/((-1)/1515)?
2, 3, 101
Let c be (3160/(-15))/4*252/8. Let o = -1095 - c. What are the prime factors of o?
2, 3, 47
Suppose 3*l + 5*h = 127291, 2*h - h = -l + 42435. List the prime factors of l.
2, 21221
Suppose 5*u + 4 = 19. Let y(j) = -21*j**2 + 5*j - 2. Let q(o) = -32*o**2 + 7*o - 3. Let n(k) = -7*q(k) + 10*y(k). What are the prime factors of n(u)?
2, 5, 13
Let q(p) = -p**3 - 12*p**2 + 59*p + 37. Let z be q(-16). Suppose 2 = 3*x - 5*x, 0 = -4*d + 5*x + z. List the prime factors of d.
2, 7
Let j be 8 + -2 + (-13 - 234). Let d = j - -411. What are the prime factors of d?
2, 5, 17
Let u(r) = -109*r + 1006. What are the prime factors of u(-43)?
5693
Suppose 11 = 8*b - 37. Let f(q) = -2 - b*q**3 + 6*q**3 - 2*q**3 + 2*q - 3*q**2 - 3*q**2. What are the prime factors of f(-5)?
2, 11
Let z = -62136 + 104982. List the prime factors of z.
2, 3, 37, 193
Suppose -4 = 8*d - 20. Suppose 2*c = -d*w + 2394, 1181 = w - 0*c + 5*c. What are the prime factors of w?
1201
Let u = 82 + -81. Let i be -8 - -9 - (-2 + u + -51). Let s = -9 + i. List the prime factors of s.
2, 11
Let d be 20/(6 + -4) + (-4)/2. Suppose -17*o + 270 = -d*o. List the prime factors of o.
2, 3, 5
Suppose -69*h + 65*h = -2*f - 10, 0 = 3*h - 6. Let b = f + 155. List the prime factors of b.
2, 7, 11
Let l = 46 - 45. Let u be (18/4)/(l/30). Suppose -u = -6*v + v. What are the prime factors of v?
3
Suppose 0 = -2*w - 3*m - 0*m - 3, 4*m + 44 = 4*w. Suppose 0 = -2*b - 5*z + 579, 7*b - 4*z = w*b + 283. What are the prime factors of b?
7, 41
Let g = -12696 - -39932. What are the prime factors of g?
2, 11, 619
Suppose 35*l - 204806 + 146013 = 323722. What are the prime factors of l?
3, 3643
Suppose 0*f = 6*f + 96. Let w(o) = -8*o + 26. Let n be w(f). Suppose -t - 2*p - n = -3*t, -t - 5*p + 71 = 0. What are the prime factors of t?
2, 19
Let v(p) = 57*p - 96. Let x(c) = -14*c + 24. Let o(w) = 6*v(w) + 22*x(w). List the prime factors of o(14).
2, 107
Suppose -162 = -2*d + 184*o - 186*o, 306 = 4*d - 5*o. Let m = 35 + -8. Let k = d - m. What are the prime factors of k?
2, 13
Let v = 6002 - 1568. List the prime factors of v.
2, 3, 739
What are the prime factors of (-2 - 72888/(-3) - -2) + 376 + -375?
3, 7, 13, 89
Let u = 119033 + -73276. List the prime factors of u.
45757
Let i = 5 + 7. Let z be (-18)/i*(31 + -1). Let o = -5 - z. What are the prime factors of o?
2, 5
Suppose 3*j = 2*v - 17, -3*v + 35 = -j - 8. Suppose -3034 = -v*d + 3782. List the prime factors of d.
2, 3, 71
Let x = -152 - -163. Suppose -3180 = -d - x*d. List the prime factors of d.
5, 53
Suppose -2*y + 8606 + 7930 = -6398. What are the prime factors of y?
11467
Let l(o) = -o**3 - 3*o**2 - 6*o - 9. Let u be l(-2). Let v be (-15)/(-20) + u + 53/4. Suppose 60 - v = a - z, z - 49 = -a. What are the prime factors of a?
2, 3
Let h(z) = 2. Let w(b) = 424*b + 23. Let l(a) = -h(a) - w(a). What are the prime factors of l(-3)?
29, 43
Let t(k) = k**3 + 3*k**2 - 3*k + 7. Let x be t(-4). Suppose x*m - 20 = -m. Suppose -3*s + 4*s = -m*f + 94, 3*s = 3*f + 192. What are the prime factors of s?
3, 23
Let z = 19944 - 13936. List the prime factors of z.
2, 751
Let c(g) = 51*g**3 - 33*g**2 + 58*g - 122. What are the prime factors of c(9)?
2, 31, 563
Suppose 5*v = 3*p + 221424, 0 = -4*v - 11*v + 4*p + 664307. What are the prime factors of v?
3, 7, 19, 37
Let z(c) = -31*c + 3901. List the prime factors of z(49).
2, 3, 397
Suppose 2*a + a = 147. Let z = -47 + a. Suppose -j = k - 2*k + 17, 14 = z*k + 3*j. List the prime factors of k.
13
Let y = 452 + 1054. List the prime factors of y.
2, 3, 251
Let i(x) = 240*x**2 + 2*x - 2. Let m be i(1). Let l = -53 + m. Suppose -n + 72 = 4*z + 21, -3*n + l = -5*z. List the prime factors of n.
59
Let y(o) = 71*o - 1234. What are the prime factors of y(103)?
6079
Let n be (5/15)/((-8)/(-96)). Suppose -n*b + 2105 = b. What are the prime factors of b?
421
Let d(b) = b - 11. Let j be d(13). Suppose -3555 = -11*c + j*c. What are the prime factors of c/25 - ((-1)/(-5))/(-1)?
2
Let r(t) = -57*t - 24. Let v(y) = -29*y - 10. Let i(d) = -2*r(d) + 5*v(d). Let w be 2/2*2/(-2). What are the prime factors of i(w)?
29
Suppose -67*l + 92*l = -1675. Suppose 5*w - 2*k + 3*k - 554 = 0, -4*k = w - 107. Let a = l + w. List the prime factors of a.
2, 11
Let t = 353 + -348. Suppose -5*z - 314 = -3*o, -o + 77 = 4*z - t. List the prime factors of o.
2, 7
Let h be 338/6*-1*-3. Let z be 2*-3*(-2)/36*6. Suppose -4*b + h = 4*w - 15, 77 = z*w + 5*b. What are the prime factors of w?
3, 17
List the prime factors of (26/22 - 1) + -36*(-440116)/627.
2, 5, 7, 19
Suppose 56 - 82 = -2*j. Suppose 0 = -8*v + j*v - 1220. What are the prime factors of v?
2, 61
Suppose -2*z + 3*s = -35, -6 + 73 = 4*z - 3*s. Suppose 0 = f - 18*d + z*d - 1216, -3*f + 2*d = -3640. What are the prime factors of f?
2, 3, 101
Let a be ((-24)/4)/6*-2. Suppose -a*x - 10 = 0, 2